2
Let i(d) be the first derivative of d**2/2 - 2*d - 2. Suppose 3*a - 2 = 2*z, 5*z - 5 = 5*a - 15. Calculate i(z).
-6
Let w(y) = -2*y**2 + 214*y - 211*y + 3*y**2 + 4. Determine w(-3).
4
Suppose 0 = -4*m + 2 + 6. Let t = -3 + m. Let d(w) be the third derivative of w**4/3 + 2*w**2. Calculate d(t).
-8
Let u(m) be the first derivative of 2*m**2 + 13*m - 6. Let f(d) = 3*d + 13. Let g(a) = -5*f(a) + 4*u(a). Calculate g(7).
-6
Let p(s) = -8*s - 2. Let m(a) = -a - 1. Let l(d) = 3*m(d) - p(d). Let j be 4/6*(-21)/14. Determine l(j).
-6
Let v = -10 + 4. Let j = 3 + v. Let u(g) = g**2 - 2 + 2 + 5*g. What is u(j)?
-6
Let u(r) = r**3 - 4*r**2 - 2*r + 6. Suppose 32 = -6*d + 14*d. Calculate u(d).
-2
Let h(r) = r**2 + 5*r + 6. Let b = 36 + -19. Let j = b - 22. What is h(j)?
6
Let a be (-4 - -7) + 0 + 4. Let y = 2 - a. Let o(d) = d + 7. Let h(i) = i + 7. Let s(r) = 6*h(r) - 5*o(r). What is s(y)?
2
Let n(l) be the second derivative of l**3/2 - l**2/2 - l. Let s(u) = u**3 - 13*u**2 - 13*u - 17. Let i be s(14). What is n(i)?
-10
Let w = -9 + 5. Let q be ((-2)/w)/((-1)/(-10)). Let t(n) = n**2 - 2*n - 6. Calculate t(q).
9
Let l = 160 - 159. Let t(c) = -12*c**2 - c + 1. Calculate t(l).
-12
Let j(m) = -6*m**2 - 2*m - 1. Let x(r) = -r - 1. Suppose 0 = 3*y + 5 + 7. Let p be x(y). Suppose 4*v = -3*o - 7, -4 = -p*o + 2*v - 5. Calculate j(o).
-5
Let o(b) = -b**2 + 6*b - 3. Let w be -1 - ((-3)/(-3))/1. Let z be (50/4)/(-1)*w. Suppose -r + z = 4*r. Calculate o(r).
2
Let x(l) = -l - 3. Let c(k) = k**3 - 8*k**2 + 7*k + 5. Let j be c(7). Let m(i) = 6*i - j*i + 2 - 2*i. Let p be m(5). Determine x(p).
0
Let l be 21/6*(-4)/(-7). Let y(c) = c + l*c + 2*c. Calculate y(1).
5
Let h(d) = d**2 + 3 - 7*d + 23*d - 9*d. What is h(-5)?
-7
Let k(r) = r**2 + r - 3. Suppose o + 12 = 16. Give k(o).
17
Let c(j) = 9*j**3 - 6*j**2 - 19*j + 17. Let r(o) = -5*o**3 + 3*o**2 + 10*o - 9. Let x(n) = 4*c(n) + 7*r(n). Calculate x(4).
-3
Let l(s) = -s**3 + 2*s**2 - 1. Let i be 2*-1*3/6. Let o(q) = 2*q**2 - q - 1. Let w be o(i). Suppose -3*a - 7 = w*k, 0*a + 4*k + 18 = -2*a. Determine l(a).
0
Let s(o) = o**3 + 9*o**2 + 9*o + 10. Suppose -7 - 17 = 3*a. What is s(a)?
2
Let y = 2/17 + 13/34. Let j(u) be the second derivative of u**2 - 2*u - 1/20*u**5 - y*u**4 + 0 - 2/3*u**3. Give j(-5).
-3
Let i(q) = -3*q**2 + 4*q - 5. Let x be i(1). Let f(r) = -7*r - 1. What is f(x)?
27
Let n(a) = a**3 + 5*a**2 + 3*a + 1. Let j(g) = -g**2 - 35*g - 38. Let p be j(-34). Determine n(p).
5
Let l(y) = -4 + 3*y**2 + y**2 - 7*y + y + y**3. Suppose -2*d = 2*d - 40. Let v be (2 - 1)/((-2)/d). Give l(v).
1
Let d(h) be the third derivative of 2*h**2 + 1/3*h**3 + 0*h + 0 - 1/12*h**4. Give d(-2).
6
Let t(p) = -p - 2. Suppose 26 = 7*x - 5*x. Let l be (x + (3 - 6))/(-2). What is t(l)?
3
Let c(g) = 3*g**2. Let m(d) = d**3 + 9*d**2 - 11*d - 11. Let x be m(-10). Determine c(x).
3
Let n(j) = 3*j**3 + 15*j**2 + 6*j + 8. Let v(s) = s**3 + 5*s**2 + 2*s + 3. Let x(i) = 6*n(i) - 17*v(i). What is x(-4)?
5
Let f(u) = 2*u**3 - 3*u**2 + u. Let z(v) = 3*v**2 - 2*v - 1. Let h be z(-1). Suppose 3 = -5*a - 3*k - 2, 2*a + 16 = -h*k. Give f(a).
6
Let m = -1 + 5. Let h = -3 + 5. Let i(w) = -h*w - 8 + 2 + 4*w. What is i(m)?
2
Let d be 6/8*(1 + 3). Let k(y) = 2*y - 10*y - 4 + 6*y. Calculate k(d).
-10
Let h(u) = 8 - 2*u - 9 - 3*u**3 + 2. Determine h(1).
-4
Let l be (2 - -8)/2 + -1. Let v be 0/2*(-5 + l). Let k(p) = 2*p**2 + 2*p + 4 - 3*p + p**3 - 3*p**2. What is k(v)?
4
Let x(g) = g**2 + 3*g - 3. Suppose 3 = -4*b - 3*v, -2*b + 0*v = 2*v. Calculate x(b).
-3
Let h(g) = -g**3 + g**2 + g + 1. Suppose 0 = -w - w - 2. Let o(i) = -3*i**3 + 8*i**2 + 9*i + 7. Let u(d) = w*o(d) + 4*h(d). Determine u(-3).
3
Let m(o) = o**3 - 6*o**2 + 6*o. Let t be 1*(-2)/3*-3. Suppose -t*u + 5 = 3*p - 2*p, 25 = 5*p. Suppose q - 3*w + 7 = u, q = 5*q + w - 24. Give m(q).
5
Let l(d) be the second derivative of 7*d**3/6 + d**2/2 - 4*d. Calculate l(-1).
-6
Let n(i) = -i**2 - 7*i - 7. Suppose -2*w = w + 57. Let f = w - -3. Let b = 11 + f. What is n(b)?
3
Suppose 3 = 3*y, -3*q - 5*y = -4*y - 19. Suppose -3*r = -q*r. Let x(p) = p - 3 - 3 + 4 - 2. Calculate x(r).
-4
Let c(f) = -10*f**3 - 13*f**2 + 2*f + 19. Let l(v) = -3*v**3 - 4*v**2 + v + 6. Let w(g) = -2*c(g) + 7*l(g). Suppose 2*a = 5*o - 6, a - o = -2*a - 9. Give w(a).
4
Let h(f) be the second derivative of f**4/12 - f**3 - f**2 + 12*f. Give h(5).
-7
Suppose 2 = -z + 3. Let x be z/((-2)/(-8)) + -2. Let j(p) = p**x + p**3 - 5 - 2*p**3 + 2*p**2 + 4*p. Determine j(4).
-5
Let v(z) be the first derivative of z**2/2 + 5*z - 1. Calculate v(-6).
-1
Let r = 2 + -2. Let c = 0 + r. Let s(t) = 1 - 3*t**3 + 2 - 4 + c*t**3 + 2*t - 2*t**2. What is s(1)?
-4
Let o(a) be the second derivative of a**3/2 + 7*a**2/2 - 3*a. Suppose -2*k - 1 = -3*n, -2*k - 4*n - 13 = -3*n. Give o(k).
-8
Let s(t) = t**2. Let l(v) = -v**3 - 2*v**2 - 5*v + 3. Let a(i) = -l(i) - 6*s(i). Determine a(3).
3
Let k(u) = -u + 4. Let h be k(3). Let j be 6 - (h + 1/1). Let p(v) = -3 - 2*v**3 + 3*v**2 - 4*v**2 + 2*v**2 + j + 2*v. Give p(-1).
2
Let x(l) = -l**3 - 8*l**2 - 6*l + 8. Let f(n) = n. Let y(t) = f(t) + x(t). Determine y(-7).
-6
Let k = 6 - 11. Let s(b) be the second derivative of -7/2*b**2 + 0 + 5/6*b**3 - 3*b + 1/2*b**4 + 1/20*b**5. Give s(k).
-7
Let y be (-3)/(-3) - (-6)/(-1). Let r(w) = 3*w + 4. What is r(y)?
-11
Let n(a) be the first derivative of 2*a**3/3 - a + 1. Let l = -46 + 45. What is n(l)?
1
Let b(w) be the first derivative of w**2 + 5*w - 1. Let l be b(-4). Let o(n) = -1. Let v(i) = -i + 5. Let a(h) = -9*o(h) - 2*v(h). Calculate a(l).
-7
Suppose 2*y = 3*y - x - 1, -5*y = -4*x - 7. Let j(s) = -8*s - 3 + 5 - y + 2. Calculate j(1).
-7
Let d = 5 + -2. Let x(p) = 3*p - 2*p - 1 - 2*p**d + 3*p**2 + 3*p**3. Suppose 5*o - 5*f + 10 = 0, -5*o - 2*f - 15 = -5. Calculate x(o).
1
Let k(v) = 3*v**3 + 2*v**2 - 2*v + 1. Let j = 38 + -37. Determine k(j).
4
Let d(x) = -11*x**2 + 3*x + 4. Let p(q) = 21*q**2 - 5*q - 7. Let u(c) = 7*d(c) + 4*p(c). Let f be 1 + 0 - (1 - 1). Let n = f - 2. What is u(n)?
6
Let d = 6 + -6. Let s(p) = -8*p**2 + p**3 - 7 + d*p**2 + p**2 + 8*p. Calculate s(6).
5
Let t(v) = -v**2 - 1 + 2 + v + 0 + 7. What is t(0)?
8
Let h(c) = 2*c - 3. Suppose -5*o - 3*y = -19 + 5, -o = -3*y - 10. Give h(o).
5
Let u(b) be the third derivative of -b**5/20 - b**4/8 - b**3/6 - 7*b**2. Determine u(-2).
-7
Let l(a) = -a**2 - 5*a - 1. Let v be (-14)/4 - 1/(-2). Let n = v - 1. Give l(n).
3
Let n be (-2)/6 + (-7)/(-3). Suppose 2*f = -n*f + 3*p, -2*f = 5*p. Suppose -2*h = -h + 3*u + 14, f = -4*h - u - 12. Let y(j) = -j**2 + j + 1. Determine y(h).
-5
Suppose 5*g - 4 = 11. Let l(v) = 2*v**2 - 4*v - 1. Let m be l(g). Let x(i) = i**3 - 4*i**2 - 4*i - 7. Give x(m).
-2
Let l(p) = p**2 - 2*p + 1. Let u = 13 + -11. Calculate l(u).
1
Suppose 3*m + 5*g - 52 = 0, 2*m + 10 = -5*g + 53. Let r(h) = -h**3 + 9*h**2 + h - 13. What is r(m)?
-4
Let w = -22 + 23. Let b(o) = -o**3 - o**2 + 1. Calculate b(w).
-1
Let o(a) = 2 - a - 3 + 2. Let s be (-23)/5 + (-8)/20. What is o(s)?
6
Let m = -24 - -34. Let q(x) = -4 + 0*x - 7*x + m + 4*x. What is q(4)?
-6
Let w(b) = 7*b**3 - 5*b**2 + 5*b. Let z(a) = 10*a**3 - 8*a**2 + 7*a. Let m(v) = -7*w(v) + 5*z(v). What is m(5)?
0
Let q(g) = -3*g + 2. Let r(c) = -c**3 + c**2 - c + 2. Suppose 4*l - 3*l = 0. Let b be r(l). Give q(b).
-4
Suppose 5*d - 2 = -4*r + 6, 31 = -5*r + 4*d. Let p(o) be the second derivative of 1/12*o**4 - o + 5/6*o**3 - 2*o**2 + 0. Give p(r).
-10
Let g(z) = -z**3 + 3*z**2 + 2*z - 2. Let j be 3 + (1 - -3 - 3). Calculate g(j).
-10
Let f be (0 + 1)/(1/2). Let w be f - (-1*4 - -2). Let n(s) = 3*s - 2. Let l(z) = 2*z - 1. Let a(d) = 4*l(d) - 3*n(d). Give a(w).
-2
Let x(r) = -r**3 - 9*r**2 - 8. Let l be x(-9). Let i(t) = t**2 + 6*t - 10. What is i(l)?
6
Let r(n) be the second derivative of 0 + 3*n + 0*n**5 - 1/30*n**6 + 0*n**4 - 1/2*n**2 - 1/6*n**3. Let g(o) be the first derivative of r(o). Give g(-1).
3
Let s(k) = k**2 + k + 1. Suppose 8 - 2 = -6*l. Give s(l).
1
Let m(k) = -k + 1. Let d(y) be the first derivative of 3*y**2/2 - 3*y + 1. Let b be (2/4)/((-2)/(-4)). Let v(n) = b*d(n) + 5*m(n). What is v(2)?
-2
Suppose 0 = -r - r - 12. Suppose -2*g + 1 = -3. Let y(v) = 7 + 3 - 4 + g*v. What is y(r)?
-6
Let r(c) = c + 3. Let b be r(-3). Let v be (b + 0)*1/2. Let y(t) = 